ded by 79573?
32
What is the remainder when 78215 is divided by 489?
464
What is the remainder when 536389 is divided by 403?
399
What is the remainder when 123669 is divided by 66?
51
Calculate the remainder when 20679 is divided by 4127.
44
What is the remainder when 6040 is divided by 3014?
12
Calculate the remainder when 2483 is divided by 343.
82
Calculate the remainder when 141326 is divided by 41.
40
Calculate the remainder when 2929 is divided by 23.
8
What is the remainder when 1187 is divided by 16?
3
Calculate the remainder when 218250 is divided by 1307.
1288
What is the remainder when 15139 is divided by 3738?
187
What is the remainder when 11626319 is divided by 497?
495
What is the remainder when 52031 is divided by 59?
52
What is the remainder when 13378 is divided by 6403?
572
What is the remainder when 31565 is divided by 52?
1
Calculate the remainder when 17877 is divided by 8871.
135
Calculate the remainder when 1019543 is divided by 552.
551
Calculate the remainder when 25300 is divided by 504.
100
Calculate the remainder when 1653 is divided by 60.
33
Calculate the remainder when 52346 is divided by 17444.
14
Calculate the remainder when 32030 is divided by 8000.
30
Calculate the remainder when 1714 is divided by 353.
302
What is the remainder when 52207 is divided by 13?
12
What is the remainder when 16346 is divided by 419?
5
What is the remainder when 19262 is divided by 9525?
212
What is the remainder when 3351538 is divided by 673?
671
What is the remainder when 130984 is divided by 44?
40
Calculate the remainder when 1693 is divided by 276.
37
What is the remainder when 1131 is divided by 35?
11
Calculate the remainder when 257737 is divided by 98.
95
Calculate the remainder when 26553 is divided by 69.
57
What is the remainder when 5026 is divided by 552?
58
What is the remainder when 4287 is divided by 135?
102
What is the remainder when 35781 is divided by 165?
141
Calculate the remainder when 14545 is divided by 15.
10
Calculate the remainder when 460 is divided by 149.
13
Calculate the remainder when 313326 is divided by 104438.
12
Calculate the remainder when 681 is divided by 27.
6
Calculate the remainder when 12633 is divided by 79.
72
Calculate the remainder when 3463 is divided by 97.
68
Calculate the remainder when 153319 is divided by 83.
18
Calculate the remainder when 72406 is divided by 24012.
370
What is the remainder when 23245 is divided by 314?
9
What is the remainder when 2325 is divided by 589?
558
Calculate the remainder when 12300 is divided by 6141.
18
Calculate the remainder when 4056 is divided by 155.
26
What is the remainder when 113233 is divided by 171?
31
Calculate the remainder when 4421 is divided by 1098.
29
Calculate the remainder when 11790 is divided by 148.
98
What is the remainder when 274 is divided by 195?
79
What is the remainder when 1569 is divided by 421?
306
What is the remainder when 99931 is divided by 52?
39
What is the remainder when 351009 is divided by 87751?
5
Calculate the remainder when 3758 is divided by 1230.
68
What is the remainder when 66793 is divided by 16697?
5
Calculate the remainder when 8596 is divided by 452.
8
What is the remainder when 92427 is divided by 390?
387
What is the remainder when 78862 is divided by 159?
157
What is the remainder when 82872 is divided by 59?
36
Calculate the remainder when 11900 is divided by 71.
43
What is the remainder when 115960 is divided by 260?
0
Calculate the remainder when 1476 is divided by 13.
7
What is the remainder when 5796 is divided by 1260?
756
What is the remainder when 6532 is divided by 24?
4
What is the remainder when 205057 is divided by 17088?
1
Calculate the remainder when 53671 is divided by 41.
2
What is the remainder when 4953 is divided by 5?
3
What is the remainder when 59156 is divided by 68?
64
What is the remainder when 48461 is divided by 41?
40
Calculate the remainder when 27050 is divided by 27045.
5
What is the remainder when 120189 is divided by 202?
201
What is the remainder when 40682 is divided by 40681?
1
Calculate the remainder when 71736 is divided by 211.
207
Calculate the remainder when 222803 is divided by 7957.
7
What is the remainder when 31389 is divided by 16?
13
Calculate the remainder when 11952 is divided by 11350.
602
What is the remainder when 20423 is divided by 676?
143
Calculate the remainder when 193466 is divided by 409.
9
Calculate the remainder when 27934 is divided by 27933.
1
Calculate the remainder when 41931 is divided by 15.
6
What is the remainder when 4434883 is divided by 273?
271
Calculate the remainder when 3008 is divided by 13.
5
Calculate the remainder when 47590 is divided by 17.
7
Calculate the remainder when 8712 is divided by 60.
12
What is the remainder when 2152 is divided by 2150?
2
What is the remainder when 2943 is divided by 135?
108
Calculate the remainder when 5654591 is divided by 8.
7
What is the remainder when 3483 is divided by 1184?
1115
Calculate the remainder when 7702 is divided by 35.
2
Calculate the remainder when 49518 is divided by 24.
6
What is the remainder when 32719 is divided by 762?
715
What is the remainder when 3810 is divided by 382?
372
What is the remainder when 1570 is divided by 260?
10
What is the remainder when 51808 is divided by 165?
163
What is the remainder when 24759 is divided by 1433?
398
What is the remainder when 159 is divided by 134?
25
What is the remainder when 162309 is divided by 163?
124
Calculate the remainder when 61648 is divided by 239.
225
Calculate the remainder when 717 is divided by 189.
150
Calculate the remainder when 6286 is divided by 2649.
988
Calculate the remainder when 1223 is divided by 183.
125
What is the remainder when 393526 is divided by 47?
42
Calculate the remainder when 3356295 is divided by 23.
20
Calculate the remainder when 2012 is divided by 310.
152
What is the remainder when 12423 is divided by 6169?
85
What is the remainder when 16764 is divided by 215?
209
Calculate the remainder when 1351637 is divided by 183.
182
Calculate the remainder when 379 is divided by 373.
6
Calculate the remainder when 536316 is divided by 100.
16
What is the remainder when 212623 is divided by 9?
7
What is the remainder when 3315 is divided by 479?
441
Calculate the remainder when 8043 is divided by 386.
323
What is the remainder when 1591 is divided by 741?
109
What is the remainder when 259904 is divided by 87?
35
What is the remainder when 59480 is divided by 57?
29
Calculate the remainder when 164150 is divided by 578.
576
What is the remainder when 91831 is divided by 42?
19
Calculate the remainder when 48611 is divided by 2215.
2096
What is the remainder when 459789 is divided by 48?
45
Calculate the remainder when 156877 is divided by 265.
262
What is the remainder when 12769 is divided by 911?
15
What is the remainder when 20467 is divided by 7?
6
Calculate the remainder when 722982 is divided by 107.
90
What is the remainder when 131238 is divided by 1411?
15
What is the remainder when 552 is divided by 22?
2
Calculate the remainder when 759 is divided by 48.
39
What is the remainder when 37558 is divided by 12502?
52
Calculate the remainder when 393 is divided by 114.
51
What is the remainder when 707 is divided by 271?
165
Calculate the remainder when 874 is divided by 116.
62
What is the remainder when 27752 is divided by 5537?
67
What is the remainder when 1191445 is divided by 46?
45
What is the remainder when 2950 is divided by 194?
40
What is the remainder when 4558 is divided by 2269?
20
What is the remainder when 1579 is divided by 756?
67
Calculate the remainder when 56601 is divided by 7068.
57
Calculate the remainder when 67576 is divided by 493.
35
What is the remainder when 734 is divided by 7?
6
What is the remainder when 427920 is divided by 1054?
1050
Calculate the remainder when 20460 is divided by 68.
60
Calculate the remainder when 1154 is divided by 285.
14
Calculate the remainder when 6045059 is divided by 24.
11
Calculate the remainder when 86561 is divided by 2013.
2
What is the remainder when 564634 is divided by 188210?
4
Calculate the remainder when 357810 is divided by 357800.
10
Calculate the remainder when 563190 is divided by 440.
430
Cal